{"id":30,"date":"2021-05-21T19:20:12","date_gmt":"2021-05-21T19:20:12","guid":{"rendered":"http:\/\/3seminarioextensao.observatoriodasmetropoles.net.br\/?page_id=30"},"modified":"2021-11-22T21:11:25","modified_gmt":"2021-11-22T21:11:25","slug":"rodas-de-conversa","status":"publish","type":"page","link":"http:\/\/3seminarioextensao.observatoriodasmetropoles.net.br\/?page_id=30","title":{"rendered":"Rodas"},"content":{"rendered":"\n<figure class=\"wp-block-image size-large\"><img loading=\"lazy\" decoding=\"async\" width=\"1024\" height=\"274\" src=\"http:\/\/3seminarioextensao.observatoriodasmetropoles.net.br\/wp-content\/uploads\/2021\/05\/rodas-1-1024x274.png\" alt=\"\" class=\"wp-image-239\" srcset=\"http:\/\/3seminarioextensao.observatoriodasmetropoles.net.br\/wp-content\/uploads\/2021\/05\/rodas-1-1024x274.png 1024w, http:\/\/3seminarioextensao.observatoriodasmetropoles.net.br\/wp-content\/uploads\/2021\/05\/rodas-1-300x80.png 300w, http:\/\/3seminarioextensao.observatoriodasmetropoles.net.br\/wp-content\/uploads\/2021\/05\/rodas-1-768x205.png 768w, http:\/\/3seminarioextensao.observatoriodasmetropoles.net.br\/wp-content\/uploads\/2021\/05\/rodas-1-1536x411.png 1536w, http:\/\/3seminarioextensao.observatoriodasmetropoles.net.br\/wp-content\/uploads\/2021\/05\/rodas-1-2048x548.png 2048w, http:\/\/3seminarioextensao.observatoriodasmetropoles.net.br\/wp-content\/uploads\/2021\/05\/rodas-1-452x121.png 452w\" sizes=\"auto, (max-width: 1024px) 100vw, 1024px\" \/><\/figure>\n\n\n\n<p><strong>____<\/strong><\/p>\n\n\n\n<p><strong>RODA DE CONVERSA 1<\/strong><br><strong>Extens\u00e3o Universit\u00e1ria hoje: consolida\u00e7\u00e3o do pensamento paulofreireano.<\/strong><br>Discuss\u00e3o sobre a consolida\u00e7\u00e3o do campo da extens\u00e3o universit\u00e1ria em arquitetura, urbanismo e planejamento, em especial a partir da influ\u00eancia dos conceitos de pr\u00e1xis e rela\u00e7\u00e3o dial\u00f3gica propostos por Paulo Freire.<br><em>Coordena\u00e7\u00e3o: Jorge Bassani (FAUUSP &#8211; GeMAP \/ mutA\u00c7\u00c3O).<br>Participantes:&nbsp;Catharina Pinheiro (FAUUSP), Bruno Mello (UFRGS), Jos\u00e9 Carlos Nicacio (E.E. Professor Adri\u00e3o Bernardes) e M\u00e1rcia Ap. Gobbi (FE-USP)<br>Debatedor: Paulo Em\u00edlio Buarque Ferreira (UPMackenzie).<\/em><\/p>\n\n\n\n<p><strong>____<\/strong><\/p>\n\n\n\n<p><strong><strong>RODA DE CONVERSA<\/strong> 2 <\/strong><br><strong>Extens\u00e3o Universit\u00e1ria na Am\u00e9rica do Sul: experi\u00eancias sul-americanas e parcerias poss\u00edveis.<\/strong><br>Discuss\u00e3o sobre a necess\u00e1ria articula\u00e7\u00e3o sul-americana no \u00e2mbito da extens\u00e3o universit\u00e1ria e tamb\u00e9m sobre a possibilidade de consolida\u00e7\u00e3o de uma rede entre universidades, pesquisadores e projetos.<br><em>Coordena\u00e7\u00e3o: Camila D&#8217;Ottaviano (Observat\u00f3rio das Metr\u00f3poles \/ FAUUSP &#8211; mutA\u00c7\u00c3O).<br>Participantes:\u00a0Raul Valles, Luc\u00eda Anzalone &amp; Marcos Bracco (CEVIHA\/ FADU), Juan Grabois (UBA), Felipe Torralbo Seguel (UTEM-Chile) e Tiago Castelo Branco Louren\u00e7o (UFMG)<br>Debatedor: Hernan Espinoza (FAUUSP\/Universidad Central del Ecuador).<\/em><\/p>\n\n\n\n<p><strong>____<\/strong><\/p>\n\n\n\n<p><strong><strong>RODA DE CONVERSA<\/strong> 3 <\/strong><br><strong>Curriculariza\u00e7\u00e3o da Extens\u00e3o Universit\u00e1ria: desafios pol\u00edticos, financiamento e delimita\u00e7\u00e3o de um campo em disputa.<\/strong><br>Discuss\u00e3o sobre os desafios da curriculariza\u00e7\u00e3o da extens\u00e3o universit\u00e1ria com a exig\u00eancia do cumprimento de um n\u00famero m\u00ednimo de horas de atividades de extens\u00e3o e sobre seus impactos nos projetos, atividades e pr\u00e1ticas extensionistas defendidas como atividades de forma\u00e7\u00e3o e troca de saberes.<br><em>Coordena\u00e7\u00e3o: Estevam Vanale Otero (Observat\u00f3rio das Metr\u00f3poles \/ FAUUSP &#8211; LabHab).<br>Participantes: Luciana Lago (NIDES\/UFRJ), Claudia Andrea Mayorga Borges (Pr\u00f3-reitora UFMG), Caio Santo Amore (FAUUSP) e Juliano Ximenes (UFPA)<br>Debatedor: Denise Morado (EA\/UFMG).<\/em><\/p>\n\n\n\n<p><strong>____<\/strong><\/p>\n","protected":false},"excerpt":{"rendered":"<p>____ RODA DE CONVERSA 1Extens\u00e3o Universit\u00e1ria hoje: consolida\u00e7\u00e3o do pensamento paulofreireano.Discuss\u00e3o sobre a consolida\u00e7\u00e3o do campo da extens\u00e3o universit\u00e1ria em arquitetura, urbanismo e planejamento, em &hellip;<\/p>\n","protected":false},"author":1,"featured_media":0,"parent":0,"menu_order":0,"comment_status":"closed","ping_status":"closed","template":"","meta":{"footnotes":""},"class_list":["post-30","page","type-page","status-publish","hentry"],"_links":{"self":[{"href":"http:\/\/3seminarioextensao.observatoriodasmetropoles.net.br\/index.php?rest_route=\/wp\/v2\/pages\/30","targetHints":{"allow":["GET"]}}],"collection":[{"href":"http:\/\/3seminarioextensao.observatoriodasmetropoles.net.br\/index.php?rest_route=\/wp\/v2\/pages"}],"about":[{"href":"http:\/\/3seminarioextensao.observatoriodasmetropoles.net.br\/index.php?rest_route=\/wp\/v2\/types\/page"}],"author":[{"embeddable":true,"href":"http:\/\/3seminarioextensao.observatoriodasmetropoles.net.br\/index.php?rest_route=\/wp\/v2\/users\/1"}],"replies":[{"embeddable":true,"href":"http:\/\/3seminarioextensao.observatoriodasmetropoles.net.br\/index.php?rest_route=%2Fwp%2Fv2%2Fcomments&post=30"}],"version-history":[{"count":18,"href":"http:\/\/3seminarioextensao.observatoriodasmetropoles.net.br\/index.php?rest_route=\/wp\/v2\/pages\/30\/revisions"}],"predecessor-version":[{"id":416,"href":"http:\/\/3seminarioextensao.observatoriodasmetropoles.net.br\/index.php?rest_route=\/wp\/v2\/pages\/30\/revisions\/416"}],"wp:attachment":[{"href":"http:\/\/3seminarioextensao.observatoriodasmetropoles.net.br\/index.php?rest_route=%2Fwp%2Fv2%2Fmedia&parent=30"}],"curies":[{"name":"wp","href":"https:\/\/api.w.org\/{rel}","templated":true}]}}

<figure class="wp-block-image size-large"><img loading="lazy" decoding="async" width="1024" height="274" src="http://3seminarioextensao.observatoriodasmetropoles.net.br/wp-content/uploads/2021/05/rodas-1-1024x274.png" alt="" class="wp-image-239" srcset="http://3seminarioextensao.observatoriodasmetropoles.net.br/wp-content/uploads/2021/05/rodas-1-1024x274.png 1024w, http://3seminarioextensao.observatoriodasmetropoles.net.br/wp-content/uploads/2021/05/rodas-1-300x80.png 300w, http://3seminarioextensao.observatoriodasmetropoles.net.br/wp-content/uploads/2021/05/rodas-1-768x205.png 768w, http://3seminarioextensao.observatoriodasmetropoles.net.br/wp-content/uploads/2021/05/rodas-1-1536x411.png 1536w, http://3seminarioextensao.observatoriodasmetropoles.net.br/wp-content/uploads/2021/05/rodas-1-2048x548.png 2048w, http://3seminarioextensao.observatoriodasmetropoles.net.br/wp-content/uploads/2021/05/rodas-1-452x121.png 452w" sizes="auto, (max-width: 1024px) 100vw, 1024px" /></figure>



<p><strong>____</strong></p>



<p><strong>RODA DE CONVERSA 1</strong><br><strong>Extensão Universitária hoje: consolidação do pensamento paulofreireano.</strong><br>Discussão sobre a consolidação do campo da extensão universitária em arquitetura, urbanismo e planejamento, em especial a partir da influência dos conceitos de práxis e relação dialógica propostos por Paulo Freire.<br><em>Coordenação: Jorge Bassani (FAUUSP &#8211; GeMAP / mutAÇÃO).<br>Participantes:&nbsp;Catharina Pinheiro (FAUUSP), Bruno Mello (UFRGS), José Carlos Nicacio (E.E. Professor Adrião Bernardes) e Márcia Ap. Gobbi (FE-USP)<br>Debatedor: Paulo Emílio Buarque Ferreira (UPMackenzie).</em></p>



<p><strong>____</strong></p>



<p><strong><strong>RODA DE CONVERSA</strong> 2 </strong><br><strong>Extensão Universitária na América do Sul: experiências sul-americanas e parcerias possíveis.</strong><br>Discussão sobre a necessária articulação sul-americana no âmbito da extensão universitária e também sobre a possibilidade de consolidação de uma rede entre universidades, pesquisadores e projetos.<br><em>Coordenação: Camila D&#8217;Ottaviano (Observatório das Metrópoles / FAUUSP &#8211; mutAÇÃO).<br>Participantes: Raul Valles, Lucía Anzalone &amp; Marcos Bracco (CEVIHA/ FADU), Juan Grabois (UBA), Felipe Torralbo Seguel (UTEM-Chile) e Tiago Castelo Branco Lourenço (UFMG)<br>Debatedor: Hernan Espinoza (FAUUSP/Universidad Central del Ecuador).</em></p>



<p><strong>____</strong></p>



<p><strong><strong>RODA DE CONVERSA</strong> 3 </strong><br><strong>Curricularização da Extensão Universitária: desafios políticos, financiamento e delimitação de um campo em disputa.</strong><br>Discussão sobre os desafios da curricularização da extensão universitária com a exigência do cumprimento de um número mínimo de horas de atividades de extensão e sobre seus impactos nos projetos, atividades e práticas extensionistas defendidas como atividades de formação e troca de saberes.<br><em>Coordenação: Estevam Vanale Otero (Observatório das Metrópoles / FAUUSP &#8211; LabHab).<br>Participantes: Luciana Lago (NIDES/UFRJ), Claudia Andrea Mayorga Borges (Pró-reitora UFMG), Caio Santo Amore (FAUUSP) e Juliano Ximenes (UFPA)<br>Debatedor: Denise Morado (EA/UFMG).</em></p>



<p><strong>____</strong></p>

<p>____ RODA DE CONVERSA 1Extensão Universitária hoje: consolidação do pensamento paulofreireano.Discussão sobre a consolidação do campo da extensão universitária em arquitetura, urbanismo e planejamento, em &hellip;</p>
